d derivative of 7/6*p**3 - 1/8*p**4 - 7*p**2 + 0 + 0*p. What are the prime factors of q(-6)?
5
Suppose 0 = -2*g + g. Suppose -4*n = -g*n - 212. What are the prime factors of n?
53
Suppose -102 - 460 = -2*r. List the prime factors of r.
281
Suppose -107*c + 18156 = -95*c. List the prime factors of c.
17, 89
Let p(q) = -15 + 0*q - q + 2 + 1. What are the prime factors of p(-23)?
11
What are the prime factors of 184/(-24)*-444 + -6?
2, 1699
Suppose -165 = -4*f + 71. Suppose -f - 41 = -2*p. What are the prime factors of p?
2, 5
Let b = -1945 + 2866. List the prime factors of b.
3, 307
Let r = -83 + 85. Suppose 4*a + 0*l - l = 8, -a - 5*l = -r. What are the prime factors of a?
2
Let t = 23 + -18. Suppose t*h + 23 - 63 = 0. Let z = 40 - h. List the prime factors of z.
2
Suppose 2*q + 0 - 4 = 0. Suppose -q*t = 3*t - 465. List the prime factors of t.
3, 31
Suppose -29 = -3*s + 5*h, 2*s - 2*h = -0*s + 14. Let j(d) = 1 + 3*d**3 + 8*d**2 - 4*d - 1 - 2*d**s + 5. List the prime factors of j(-8).
37
What are the prime factors of (40/(-14))/(176/(-15400))?
2, 5
Suppose 4*x = -5*h - 4, -h = 3*x - x + 2. Suppose q - 83 - 14 = h. List the prime factors of q.
97
Let v = -222 - -771. What are the prime factors of v?
3, 61
Let l = 1 + -3. Let d be ((-33)/l)/((-8)/(-16)). Suppose -d - 9 = -3*x. What are the prime factors of x?
2, 7
Suppose -5*m - 4*h = -114, 4*m = -3*h - h + 88. Suppose 24*v + 24 = m*v. List the prime factors of v.
2, 3
Let k = 1082 - 292. List the prime factors of k.
2, 5, 79
Let k(f) = -f**2 - 6*f + 10. Let y be k(-7). Let t be y + (2 - 5 - -16). List the prime factors of (-27)/(2/(t/(-12))).
2, 3
Suppose -3*y = 5*t - 0*y - 3123, 0 = t + y - 623. Suppose -5*j + 20 = 0, -3*j + t = 5*r - 5*j. List the prime factors of r.
127
Let v = 5 - 0. Suppose v*s + 2*s = 497. List the prime factors of s.
71
Let g(q) = -2*q + 20. Let l be g(8). Suppose 0*x + l = -2*x. List the prime factors of (50/x)/((-9)/18).
2, 5
Suppose -5*d - 5*w + 13070 = 0, 8*w - 3*w + 7874 = 3*d. List the prime factors of d.
2, 7, 11, 17
List the prime factors of 373950/180 + (-6)/(-4).
3, 7, 11
Let y be 164/(-3) - (10/3 + -3). List the prime factors of (y/10)/((-1)/4).
2, 11
Suppose 3*d = 12, 5*r + 3*d = 2*d + 9. Let h be (-5 + r)*(-2)/2. Suppose -3*m + 8 = -2*m + 5*w, 2*w = h*m - 54. What are the prime factors of m?
13
Suppose 0 = 30*z - 7*z - 18423. List the prime factors of z.
3, 89
Let z(t) = -132*t + 4. Let h be z(-10). Let v be 10/65 + h/13. Suppose -2*a = 3*q - v, -3*q - 2*q = 3*a - 169. List the prime factors of q.
2
Suppose -360 = 8*v + 816. Let o = v - -229. List the prime factors of o.
2, 41
Let x be (-3)/(((-18)/(-20))/3). Let p(g) be the second derivative of -g**4/12 - 7*g**3/3 - 4*g**2 - 16*g - 4. List the prime factors of p(x).
2
Let g = -662 + 1176. List the prime factors of g.
2, 257
Suppose -7*z = -8*z. Let r(a) = -a**3 - a**2 - a + 2. Let v be r(z). Suppose -4*u = -m + 41, 0 = 2*m + 3*m - v*u - 205. What are the prime factors of m?
41
Let v be ((-4)/(-6))/(4/(-66)). Let u = -39 - v. Let s = -4 - u. List the prime factors of s.
2, 3
What are the prime factors of (-299)/(-3*1/3) + 6?
5, 61
Let k be 0*(3 + -1 - 1). Suppose k = -5*g + 2*q - 5*q + 275, -2*g = 3*q - 110. List the prime factors of g.
5, 11
Let p(t) = t**2 - 10*t - 8. Let f be p(11). Suppose 55 = 2*d + f*d. What are the prime factors of d?
11
Let z be 2/10 + 168/35. Let p(m) = m**3 + 5*m**2 - 3*m + 6. Let o be p(-4). Suppose -z*d + 2*h = -80, o = 3*d - 0*d - 4*h. List the prime factors of d.
2, 3
Suppose -3*p - 2 + 8 = 0, -4*k - 3*p = -22. Let q(r) = -r - 6 - 2*r + 8*r. What are the prime factors of q(k)?
2, 7
What are the prime factors of 18/(-48) + 10091/8?
13, 97
Let j(x) = -x**3 + 18*x**2 - 30*x + 11. Let t(u) = -u**3 + 7*u**2 + 9*u + 8. Let b be t(8). What are the prime factors of j(b)?
43
Let g(j) = 23*j**3 + 12*j**2 - 31*j - 4. What are the prime factors of g(4)?
2, 3
Let n(p) be the second derivative of 17*p**4/12 + p**3/2 - p**2 - p. Let r be n(1). Suppose -r + 5 = -t. What are the prime factors of t?
13
Let x(s) = -s + 256 + 4*s**3 + 4*s**2 - 21*s**2 - 251. What are the prime factors of x(5)?
3, 5
Suppose 0 = -u - 3*k + 15, 4*k + k = -3*u + 61. Suppose u = 3*i - 123. List the prime factors of i.
2, 5
List the prime factors of ((-8)/48)/((-1)/2658).
443
Let b(k) be the first derivative of -k**3/3 - 2*k**2 + 11*k - 1. Let n be b(-7). Let t = -1 - n. What are the prime factors of t?
3
Suppose -5*p + 1350 = 4*j, 5*j = -3*p + 336 + 474. What are the prime factors of p?
2, 3, 5
Let b = 2184 - 181. What are the prime factors of b?
2003
Suppose -5*s = -2*l - 46, -s = -0*s - l - 8. List the prime factors of (-5 - (-54)/s)*765.
2, 3, 17
Let w(t) = 4*t + 63. Let i be w(0). Suppose -i = -2*b + b + 2*c, b = c + 58. What are the prime factors of b?
53
Suppose -5 = -o + 5*q, -3*o + 8 = -5*q - 7. Suppose -o*l + 1803 = 188. What are the prime factors of l?
17, 19
Suppose -1202 = -5*m + 508. List the prime factors of m.
2, 3, 19
Let q = 1 - -4. Suppose 25 = q*d - b, -4*b - 5 = 2*d + 7. Suppose 0 = 2*y - 20 - d. What are the prime factors of y?
2, 3
Let a = 65 + -69. Let v = -5 + 2. List the prime factors of 23 - a/(v - -1).
3, 7
Suppose 3*z = -4*i - 5 - 0, -z - 5*i - 20 = 0. Let t(m) = 2*m**3 + 1 + 5*m**2 + z*m + m**2 - m**3 + 5. List the prime factors of t(-5).
2, 3
Let u be (139 - -2) + -3 + 2. Suppose -5*j + 3*k + u = -2*k, -5*j + 128 = -2*k. List the prime factors of j.
2, 3
Suppose 176 = l - 195. List the prime factors of l.
7, 53
Let t(h) = -h**3 + 23*h**2 - 30*h + 25. Let z(b) = -b**3 + 24*b**2 - 31*b + 26. Let g(j) = 4*t(j) - 3*z(j). What are the prime factors of g(18)?
2, 23
Let j(w) = -2*w**3 - 27*w**2 + 25*w + 29. List the prime factors of j(-16).
3, 101
Let y = 3420 + -2233. What are the prime factors of y?
1187
Let c = -116 - -232. Suppose -4*q + 504 = c. What are the prime factors of q?
97
List the prime factors of (-14)/(308/(-40513))*2.
29, 127
Suppose -76*m - 9*m + 213520 = 0. What are the prime factors of m?
2, 157
Let k = -168 + -1197. Let p be 2 - (-4*(-1 - 1))/1. List the prime factors of k/(-25) - p/(-10).
2, 3
Let j = -33 + 37. Suppose 11 - 115 = -j*n. What are the prime factors of n?
2, 13
Let s be (-2)/(-8)*3 - 39/52. Suppose s = -5*t - 5*t + 1360. List the prime factors of t.
2, 17
Let o = 1225 - 538. List the prime factors of o.
3, 229
What are the prime factors of 34760/48 + (-2 + 1)/6?
2, 181
Let p(q) be the first derivative of 2*q**3/3 + q**2/2 - 18*q - 5. Let c be p(6). Suppose -u - c = -5*l, -60 = -4*l - l + 3*u. What are the prime factors of l?
2, 3
Let w(o) = -o**2 + 33*o - 137. List the prime factors of w(12).
5, 23
What are the prime factors of -11*(-8)/264 - (-1234)/6?
2, 103
Suppose -2*d + 153 = d. Suppose d = 2*f - 47. Suppose 5*a + x = a + 67, 4*a = 5*x + f. List the prime factors of a.
2
Suppose 3*v = -1 - 47. Let o = v - -20. What are the prime factors of 3 - o/8*-2?
2
Let i be (-4)/6 - (-22)/(-3). Let p(r) = 3*r**2 + 18*r - 1. What are the prime factors of p(i)?
47
Let u = 220 - 418. List the prime factors of u/((-15)/5) + 4.
2, 5, 7
Let x(n) = -2*n**2 - 2*n + 2. Suppose -24 = 3*o - 3*l, 4 = -5*o - 2*l - 1. Let z be x(o). Let j = 12 - z. List the prime factors of j.
2, 11
Suppose -3*g = -2*g - p - 138, 0 = -5*g + 4*p + 692. Suppose u - 5*b = -0*u + 22, -5*u - 5*b + g = 0. What are the prime factors of u?
3
Suppose 4*j - 4*r + 9*r = 9, 2*r = j + 14. Let a be j/(-6) + (-292)/(-12). Suppose -a = -2*x - o, o - 19 = -2*x + 2*o. What are the prime factors of x?
11
Suppose -14*t = -9*t - 55. Suppose -t*z + 556 = -104. List the prime factors of z.
2, 3, 5
Let n(o) = -4*o**2 - 6*o + 4. Let v be n(-4). What are the prime factors of 2125/45 + 8/v?
47
Suppose -5*c - 3 = 37. What are the prime factors of ((-210)/c)/((-3)/(-8))?
2, 5, 7
Suppose 0*d + 3*d - 6 = 0. Suppose -d*s + 152 = -2*i, -223 - 139 = -5*s - 4*i. What are the prime factors of s?
2, 37
Let b = 3552 - 2465. What are the prime factors of b?
1087
Let t(u) = u**2 + 16*u + 81. What are the prime factors of t(19)?
2, 373
Suppose h - 2*w - 479 = 0, -h - 5 + 472 = 4*w. Suppose 5*p + 4*v = h, 0 = -4*p - 4*v + v + 380. Let l = -42 + p. What are the prime factors of l?
53
What are the prime factors of -6 + (5 - (-983 + -11))?
